e?
True
Is 44351 a composite number?
False
Is 56593 composite?
True
Is 26161 a prime number?
True
Is 6677 a composite number?
True
Is 853 a prime number?
True
Is 208113 a prime number?
False
Is 378655 composite?
True
Is 2777 a composite number?
False
Is 7901 a composite number?
False
Is 12178 a composite number?
True
Is 1882771 prime?
False
Is 8333 prime?
False
Is 3511 composite?
False
Is 985909 a composite number?
True
Is 4339 a prime number?
True
Is 2629 composite?
True
Is 35617 a composite number?
False
Is 17203 a composite number?
False
Is 834761 composite?
False
Is 12437 composite?
False
Is 5485 a prime number?
False
Is 415 composite?
True
Is 818 a prime number?
False
Is 23957 composite?
False
Is 144241 composite?
False
Is 17711 composite?
True
Is 124421 a prime number?
False
Is 289399 prime?
False
Is 9917 composite?
True
Is 12611 a composite number?
False
Is 89 a composite number?
False
Is 14401 a prime number?
True
Is 241951 prime?
True
Is 5770751 composite?
True
Is 44841 a prime number?
False
Is 30353 a composite number?
True
Is 335473 a prime number?
True
Is 7560569 composite?
False
Is 4397 prime?
True
Is 19163 a prime number?
True
Is 171499 a composite number?
True
Is 233483 prime?
False
Is 49451 prime?
True
Is 114407 composite?
False
Is 13483 a composite number?
True
Is 377887 a prime number?
True
Is 79559 a composite number?
False
Is 90879 a composite number?
True
Is 18583 a composite number?
False
Is 46741 a composite number?
True
Is 3003703 a composite number?
False
Is 141353 a prime number?
True
Is 23453 a prime number?
False
Is 9569 a composite number?
True
Is 14197 a composite number?
False
Is 337327 a prime number?
True
Is 67793 prime?
False
Is 49319 prime?
False
Is 122519 a prime number?
False
Is 44155 prime?
False
Is 271967 a prime number?
True
Is 21766 a composite number?
True
Is 25429 a prime number?
False
Is 200623 a composite number?
True
Is 1255 composite?
True
Is 71157 a composite number?
True
Is 34909 composite?
True
Is 2911 composite?
True
Is 7309 a prime number?
True
Is 766039 composite?
False
Is 38901 a composite number?
True
Is 5923 composite?
False
Is 316879 prime?
True
Is 99233 prime?
True
Is 778 composite?
True
Is 623521 composite?
False
Is 18839 prime?
True
Is 9509 a prime number?
False
Is 1201909 a composite number?
False
Is 12037 prime?
True
Is 43697 composite?
True
Is 8261 prime?
False
Is 108413 a composite number?
False
Is 8683 a composite number?
True
Is 135323 a prime number?
False
Is 6311 prime?
True
Is 1527649 a composite number?
True
Is 37577 a prime number?
False
Is 121269 prime?
False
Is 4181 prime?
False
Is 278291 prime?
False
Is 191 composite?
False
Is 32629 a prime number?
False
Is 330845 composite?
True
Is 13267 composite?
False
Is 58 a prime number?
False
Is 4769 a prime number?
False
Is 63377 a prime number?
True
Is 9553 a prime number?
False
Is 32819 a composite number?
True
Is 30949 a composite number?
False
Is 221281 prime?
True
Is 107441 a prime number?
True
Is 12955 a prime number?
False
Is 11633 prime?
True
Is 970153 composite?
True
Is 923029 a prime number?
True
Is 1039 a prime number?
True
Is 14437 prime?
True
Is 79213 a prime number?
False
Is 150113 a composite number?
True
Is 515497 composite?
True
Is 1108049 a composite number?
False
Is 1651 prime?
False
Is 902131 a composite number?
True
Is 987793 a prime number?
True
Is 14969 prime?
True
Is 228187 prime?
False
Is 180811 composite?
False
Is 66431 a prime number?
True
Is 37 a composite number?
False
Is 12239 a prime number?
True
Is 76981 a composite number?
True
Is 79531 prime?
True
Is 97447 a composite number?
True
Is 27187 a prime number?
False
Is 133286 composite?
True
Is 17287 prime?
False
Is 877 a prime number?
True
Is 33545 prime?
False
Is 168673 a prime number?
True
Is 603579 composite?
True
Is 3071 a prime number?
False
Is 52337 a composite number?
True
Is 429953 prime?
True
Is 440689 a composite number?
True
Is 63689 prime?
True
Is 31013 a prime number?
True
Is 331091 prime?
False
Is 27601 a prime number?
False
Is 19291 prime?
False
Is 126823 composite?
False
Is 1292267 a composite number?
True
Is 1883 composite?
True
Is 38195 prime?
False
Is 1673 composite?
True
Is 152021 prime?
False
Is 772207 prime?
True
Is 36731 prime?
False
Is 5297 prime?
True
Is 1009 composite?
False
Is 1438 composite?
True
Is 479 a composite number?
False
Is 251 prime?
True
Is 6337 prime?
True
Is 9743 prime?
True
Is 157349 composite?
False
Is 11887 composite?
False
Is 53959 a composite number?
False
Is 22721 a composite number?
False
Is 33207 composite?
True
Is 125683 a composite number?
False
Is 27149 a composite number?
True
Is 777029 prime?
False
Is 118793 composite?
True
Is 15727 composite?
False
Is 49163 a prime number?
False
Is 86015 composite?
True
Is 334321 composite?
True
Is 14165 a composite number?
True
Is 4667 composite?
True
Is 11639 prime?
False
Is 322397 a prime number?
True
Is 1061 prime?
True
Is 373045 a prime number?
False
Is 9274 a composite number?
True
Is 68407 composite?
True
Is 16913 prime?
False
Is 332783 composite?
True
Is 16843 prime?
True
Is 21709 a composite number?
True
Is 5113 prime?
True
Is 4861 a composite number?
False
Is 1151 prime?
True
Is 4621 composite?
False
Is 71471 a composite number?
False
Is 35897 a prime number?
True
Is 30181 prime?
True
Is 462907 composite?
True
Is 70178 a prime number?
False
Is 6733 a prime number?
True
Is 1403 a composite number?
True
Is 15013 composite?
False
Is 731869 a composite number?
False
Is 182417 prime?
True
Is 64463 prime?
False
Is 15959 a prime number?
True
Is 122429 composite?
True
Is 1343977 a prime number?
False
Is 17287 composite?
True
Is 498733 composite?
False
Is 168847 a prime number?
False
Is 22331 a prime number?
False
Is 2735 prime?
False
Is 1153993 a composite number?
True
Is 4577 a composite number?
True
Is 7831 a composite number?
True
Is 9239 composite?
False
Is 305141 a prime number?
False
Is 262459 composite?
False
Is 10453 prime?
True
Is 129557 a composite number?
True
Is 6071 a prime number?
False
Is 30491 prime?
True
Is 4703 prime?
True
Is 3651 prime?
False
Is 99239 prime?
False
Is 1118794 composite?
True
Is 8923 composite?
False
Is 368223 a prime number?
False
Is 2657293 a composite number?
False
Is 16439 a composite number?
True
Is 98407 prime?
True
Is 1259 prime?
True
Is 40879 composite?
False
Is 10129 prime?
False
Is 80621 composite?
False
Is 5669 a prime number?
True
Is 5939 composite?
False
Is 7817 composite?
False
Is 273133 a prime number?
False
Is 12131 composite?
True
Is 54155 prime?
False
Is 560543 a prime number?
True
Is 38189 a composite number?
False
Is 22237 a prime number?
False
Is 272651 composite?
False
Is 170059 a composite number?
True
Is 14437 composite?
False
Is 5981 composite?
False
Is 4751 composite?
False
Is 291351 composite?
True
Is 571 prime?
True
Is 160739 prime?
True
Is 173171 a prime number?
False
Is 7601 composite?
True
Is 1497 prime?
False
Is 15499 a prime number?
False
Is 418641 prime?
False
Is 157721 composite?
False
Is 13477 a composite number?
False
Is 53047 prime?
True
Is 2106671 composite?
True
Is 10301 composite?
False
Is 3203 prime?
True
Is 3413 prime?
True
Is 85331 prime?
True
Is 5711 a composite number?
False
Is 78259 a composite number?
False
Is 1141 a composite number?
True
Is 13957 prime?
False
Is 9938789 a prime number?
False
Is 336793 a prime number?
True
Is 5003 a prime number?
True
Is 1151 a composite number?
False
Is 109297 composite?
False
Is 376783 a prime number?
False
Is 54787 a composite number?
False
Is 110527 a prime number?
True
Is 28837 a prime number?
True
Is 16181 prime?
False
Is 40693 a prime number?
True
Is 4346521 prime?
True
Is 12011 a composite number?
False
Is 6521 a composite number?
False
Is 191339 prime?
True
Is 41599 composite?
True
Is 745 composite?
True
Is 243197 composite?
False
Is 389573 a composite number?
True
Is 21839 composite?
False
Is 93433 prime?
False
Is 84899 a prime number?
False
Is 5381 a composite number?
False
Is 419 a prime number?
True
Is 12611 prime?
True
Is 20707 composite?
False
Is 52453 a composite number?
False
Is 2321 a composite number?
True
Is 4057 composite?
False
Is 7681 composite?
False
Is 65953 composite?
True
Is 32179 composite?
True
Is 2729 prime?
True